ded by 32.
27
What is the remainder when 220 is divided by 48?
28
What is the remainder when 937 is divided by 151?
31
Calculate the remainder when 184 is divided by 10.
4
What is the remainder when 1837 is divided by 64?
45
Calculate the remainder when 5597 is divided by 63.
53
Calculate the remainder when 196 is divided by 20.
16
What is the remainder when 9909 is divided by 118?
115
Calculate the remainder when 1934 is divided by 13.
10
What is the remainder when 2583 is divided by 370?
363
What is the remainder when 97 is divided by 27?
16
What is the remainder when 537 is divided by 15?
12
What is the remainder when 5 is divided by 3?
2
What is the remainder when 7 is divided by 5?
2
Calculate the remainder when 1418 is divided by 31.
23
Calculate the remainder when 125 is divided by 46.
33
Calculate the remainder when 144 is divided by 59.
26
Calculate the remainder when 160 is divided by 45.
25
Calculate the remainder when 206 is divided by 23.
22
What is the remainder when 640 is divided by 626?
14
Calculate the remainder when 759 is divided by 22.
11
What is the remainder when 5734 is divided by 19?
15
What is the remainder when 1048 is divided by 384?
280
What is the remainder when 130 is divided by 26?
0
What is the remainder when 104 is divided by 24?
8
What is the remainder when 230 is divided by 39?
35
What is the remainder when 391 is divided by 69?
46
What is the remainder when 506 is divided by 10?
6
Calculate the remainder when 1838 is divided by 66.
56
What is the remainder when 51 is divided by 27?
24
Calculate the remainder when 66 is divided by 15.
6
Calculate the remainder when 698 is divided by 7.
5
What is the remainder when 262 is divided by 84?
10
Calculate the remainder when 256 is divided by 67.
55
What is the remainder when 951 is divided by 43?
5
Calculate the remainder when 46 is divided by 39.
7
What is the remainder when 608 is divided by 24?
8
Calculate the remainder when 397 is divided by 81.
73
What is the remainder when 251 is divided by 14?
13
Calculate the remainder when 979 is divided by 26.
17
Calculate the remainder when 109 is divided by 4.
1
What is the remainder when 805 is divided by 3?
1
What is the remainder when 179 is divided by 27?
17
What is the remainder when 130 is divided by 3?
1
Calculate the remainder when 32 is divided by 24.
8
What is the remainder when 1364 is divided by 76?
72
Calculate the remainder when 321 is divided by 19.
17
What is the remainder when 404 is divided by 118?
50
What is the remainder when 278 is divided by 9?
8
Calculate the remainder when 1262 is divided by 6.
2
What is the remainder when 144 is divided by 7?
4
What is the remainder when 735 is divided by 46?
45
What is the remainder when 238 is divided by 20?
18
Calculate the remainder when 452 is divided by 19.
15
What is the remainder when 832 is divided by 170?
152
Calculate the remainder when 257 is divided by 55.
37
Calculate the remainder when 2049 is divided by 54.
51
Calculate the remainder when 1358 is divided by 39.
32
Calculate the remainder when 213 is divided by 23.
6
Calculate the remainder when 59 is divided by 35.
24
What is the remainder when 609 is divided by 39?
24
Calculate the remainder when 2614 is divided by 14.
10
Calculate the remainder when 341 is divided by 43.
40
Calculate the remainder when 88 is divided by 35.
18
What is the remainder when 748 is divided by 50?
48
Calculate the remainder when 399 is divided by 318.
81
What is the remainder when 1979 is divided by 45?
44
What is the remainder when 152 is divided by 7?
5
Calculate the remainder when 31 is divided by 6.
1
Calculate the remainder when 661 is divided by 287.
87
What is the remainder when 380 is divided by 98?
86
What is the remainder when 327 is divided by 99?
30
What is the remainder when 1239 is divided by 53?
20
What is the remainder when 141 is divided by 29?
25
Calculate the remainder when 8145 is divided by 33.
27
Calculate the remainder when 1012 is divided by 35.
32
What is the remainder when 137 is divided by 61?
15
Calculate the remainder when 73 is divided by 52.
21
What is the remainder when 188 is divided by 7?
6
What is the remainder when 303 is divided by 169?
134
What is the remainder when 220 is divided by 103?
14
What is the remainder when 191 is divided by 12?
11
Calculate the remainder when 937 is divided by 358.
221
What is the remainder when 2510 is divided by 210?
200
What is the remainder when 3855 is divided by 27?
21
Calculate the remainder when 62 is divided by 18.
8
What is the remainder when 127 is divided by 8?
7
What is the remainder when 1563 is divided by 92?
91
Calculate the remainder when 596 is divided by 43.
37
Calculate the remainder when 127 is divided by 88.
39
Calculate the remainder when 862 is divided by 12.
10
Calculate the remainder when 348 is divided by 13.
10
What is the remainder when 571 is divided by 139?
15
Calculate the remainder when 614 is divided by 203.
5
Calculate the remainder when 125 is divided by 59.
7
What is the remainder when 8662 is divided by 114?
112
Calculate the remainder when 1502 is divided by 43.
40
Calculate the remainder when 1889 is divided by 45.
44
Calculate the remainder when 422 is divided by 85.
82
Calculate the remainder when 9274 is divided by 27.
13
Calculate the remainder when 27403 is divided by 203.
201
Calculate the remainder when 349 is divided by 22.
19
Calculate the remainder when 143 is divided by 61.
21
What is the remainder when 264 is divided by 128?
8
Calculate the remainder when 192 is divided by 156.
36
Calculate the remainder when 199 is divided by 40.
39
What is the remainder when 1537 is divided by 18?
7
What is the remainder when 133 is divided by 29?
17
What is the remainder when 1042 is divided by 87?
85
What is the remainder when 40 is divided by 23?
17
Calculate the remainder when 140 is divided by 11.
8
Calculate the remainder when 164 is divided by 42.
38
What is the remainder when 319 is divided by 7?
4
Calculate the remainder when 2504 is divided by 193.
188
Calculate the remainder when 166 is divided by 73.
20
What is the remainder when 1308 is divided by 651?
6
Calculate the remainder when 172 is divided by 57.
1
What is the remainder when 2454 is divided by 32?
22
Calculate the remainder when 145 is divided by 18.
1
Calculate the remainder when 532 is divided by 49.
42
Calculate the remainder when 191 is divided by 109.
82
Calculate the remainder when 4591 is divided by 112.
111
What is the remainder when 162 is divided by 7?
1
What is the remainder when 1669 is divided by 238?
3
Calculate the remainder when 59 is divided by 7.
3
What is the remainder when 991 is divided by 328?
7
What is the remainder when 88 is divided by 44?
0
Calculate the remainder when 2267 is divided by 54.
53
Calculate the remainder when 3253 is divided by 98.
19
What is the remainder when 823 is divided by 143?
108
Calculate the remainder when 1497 is divided by 490.
27
Calculate the remainder when 549 is divided by 79.
75
What is the remainder when 6417 is divided by 27?
18
Calculate the remainder when 7285 is divided by 81.
76
Calculate the remainder when 6520 is divided by 297.
283
Calculate the remainder when 440 is divided by 16.
8
What is the remainder when 1437 is divided by 17?
9
Calculate the remainder when 292 is divided by 14.
12
Calculate the remainder when 27 is divided by 12.
3
What is the remainder when 24902 is divided by 8?
6
What is the remainder when 313 is divided by 153?
7
Calculate the remainder when 136 is divided by 10.
6
What is the remainder when 9015 is divided by 26?
19
What is the remainder when 214 is divided by 196?
18
Calculate the remainder when 3891 is divided by 6.
3
Calculate the remainder when 1228 is divided by 82.
80
What is the remainder when 351 is divided by 90?
81
Calculate the remainder when 190 is divided by 59.
13
What is the remainder when 627 is divided by 30?
27
What is the remainder when 1323 is divided by 129?
33
Calculate the remainder when 1114 is divided by 186.
184
Calculate the remainder when 199 is divided by 29.
25
What is the remainder when 2873 is divided by 45?
38
Calculate the remainder when 643 is divided by 204.
31
What is the remainder when 375 is divided by 221?
1